{"version":"1.0","provider_name":"\u00c9mergenceweb","provider_url":"https:\/\/emergenceweb.com\/blog","author_name":"Claude Malaison","author_url":"https:\/\/emergenceweb.com\/blog\/author\/administrateur\/","title":"Voici venu le temps des... conf\u00e9rences !! - \u00c9mergenceweb","type":"rich","width":600,"height":338,"html":"<blockquote class=\"wp-embedded-content\" data-secret=\"XjHRvmz8BK\"><a href=\"https:\/\/emergenceweb.com\/blog\/2008\/08\/voici-venu-le-temps-des-conferences\/\">Voici venu le temps des&#8230; conf\u00e9rences !!<\/a><\/blockquote><iframe sandbox=\"allow-scripts\" security=\"restricted\" src=\"https:\/\/emergenceweb.com\/blog\/2008\/08\/voici-venu-le-temps-des-conferences\/embed\/#?secret=XjHRvmz8BK\" width=\"600\" height=\"338\" title=\"\u00ab\u00a0Voici venu le temps des&#8230; conf\u00e9rences !!\u00a0\u00bb &#8212; \u00c9mergenceweb\" data-secret=\"XjHRvmz8BK\" frameborder=\"0\" marginwidth=\"0\" marginheight=\"0\" scrolling=\"no\" class=\"wp-embedded-content\"><\/iframe><script type=\"text\/javascript\">\n\/* <![CDATA[ *\/\n\/*! This file is auto-generated *\/\n!function(d,l){\"use strict\";l.querySelector&&d.addEventListener&&\"undefined\"!=typeof URL&&(d.wp=d.wp||{},d.wp.receiveEmbedMessage||(d.wp.receiveEmbedMessage=function(e){var t=e.data;if((t||t.secret||t.message||t.value)&&!\/[^a-zA-Z0-9]\/.test(t.secret)){for(var s,r,n,a=l.querySelectorAll('iframe[data-secret=\"'+t.secret+'\"]'),o=l.querySelectorAll('blockquote[data-secret=\"'+t.secret+'\"]'),c=new RegExp(\"^https?:$\",\"i\"),i=0;i<o.length;i++)o[i].style.display=\"none\";for(i=0;i<a.length;i++)s=a[i],e.source===s.contentWindow&&(s.removeAttribute(\"style\"),\"height\"===t.message?(1e3<(r=parseInt(t.value,10))?r=1e3:~~r<200&&(r=200),s.height=r):\"link\"===t.message&&(r=new URL(s.getAttribute(\"src\")),n=new URL(t.value),c.test(n.protocol))&&n.host===r.host&&l.activeElement===s&&(d.top.location.href=t.value))}},d.addEventListener(\"message\",d.wp.receiveEmbedMessage,!1),l.addEventListener(\"DOMContentLoaded\",function(){for(var e,t,s=l.querySelectorAll(\"iframe.wp-embedded-content\"),r=0;r<s.length;r++)(t=(e=s[r]).getAttribute(\"data-secret\"))||(t=Math.random().toString(36).substring(2,12),e.src+=\"#?secret=\"+t,e.setAttribute(\"data-secret\",t)),e.contentWindow.postMessage({message:\"ready\",secret:t},\"*\")},!1)))}(window,document);\n\/* ]]> *\/\n<\/script>\n","description":"Retour de vacances un jour plus tard que pr\u00e9vu&#8230; Et ce n&rsquo;est pas que la temp\u00e9rature ait \u00e9t\u00e9 cl\u00e9mente au point de me faire h\u00e9siter \u00e0 revenir, au contraire&#8230; Pour des vacances ensoleill\u00e9es, j&rsquo;aurais d\u00fb faire comme l&rsquo;ami Philippe Martin et m&rsquo;enfuir dans une \u00eele des Cara\u00efbes. Soleil et chaleur assur\u00e9s&#8230; Mais non, j&rsquo;ai pr\u00e9f\u00e9r\u00e9 les plaines bucoliques de la Mont\u00e9r\u00e9gie, pour le v\u00e9lo et le golf. Pas de chance&#8230; Il a fallu braver Dame Nature \u00e0 chaque jour&#8230; Mais assez parl\u00e9 du mauvais temps ! De retour au boulot en cette fin d&rsquo;\u00e9t\u00e9, il est de mise de planifier les prochains mois. Planification qui m&rsquo;am\u00e8ne \u00e0 vous parler de conf\u00e9rences. Sur le Web, actuellement, il n&rsquo;y en a que pour les \u00e9v\u00e8nements Web 2.0. Se planifier un horaire de conf\u00e9rences devient un v\u00e9ritable casse-t\u00eate. Pour votre b\u00e9n\u00e9fice et le mien, j&rsquo;ai dress\u00e9 une liste de 20 conf\u00e9rences int\u00e9ressantes \u00e0 se tenir un peu partout sur la plan\u00e8te d&rsquo;ici \u00e0 No\u00ebl : 1- Virtual Worlds Conference &amp; Expo &#8211; Los Angeles, les 3 et 4 septembre 2- TechCrunch50 &#8211; San Francisco, les 8, 9 et 10 septembre 3- Digital ID World 2008 &#8211; Anaheim (Californie), les 8, 9 et 10 [&hellip;]","thumbnail_url":"http:\/\/farm4.static.flickr.com\/3034\/2757525080_cb74f8431a.jpg?v=0"}

Émergenceweb

Voici venu le temps des... conférences !! - Émergenceweb

<blockquote class="wp-embedded-content" data-secret="XjHRvmz8BK"><a href="https://emergenceweb.com/blog/2008/08/voici-venu-le-temps-des-conferences/">Voici venu le temps des&#8230; conférences !!</a></blockquote><iframe sandbox="allow-scripts" security="restricted" src="https://emergenceweb.com/blog/2008/08/voici-venu-le-temps-des-conferences/embed/#?secret=XjHRvmz8BK" width="600" height="338" title="« Voici venu le temps des&#8230; conférences !! » &#8212; Émergenceweb" data-secret="XjHRvmz8BK" frameborder="0" marginwidth="0" marginheight="0" scrolling="no" class="wp-embedded-content"></iframe><script type="text/javascript">
/* <![CDATA[ */
/*! This file is auto-generated */
!function(d,l){"use strict";l.querySelector&&d.addEventListener&&"undefined"!=typeof URL&&(d.wp=d.wp||{},d.wp.receiveEmbedMessage||(d.wp.receiveEmbedMessage=function(e){var t=e.data;if((t||t.secret||t.message||t.value)&&!/[^a-zA-Z0-9]/.test(t.secret)){for(var s,r,n,a=l.querySelectorAll('iframe[data-secret="'+t.secret+'"]'),o=l.querySelectorAll('blockquote[data-secret="'+t.secret+'"]'),c=new RegExp("^https?:$","i"),i=0;i<o.length;i++)o[i].style.display="none";for(i=0;i<a.length;i++)s=a[i],e.source===s.contentWindow&&(s.removeAttribute("style"),"height"===t.message?(1e3<(r=parseInt(t.value,10))?r=1e3:~~r<200&&(r=200),s.height=r):"link"===t.message&&(r=new URL(s.getAttribute("src")),n=new URL(t.value),c.test(n.protocol))&&n.host===r.host&&l.activeElement===s&&(d.top.location.href=t.value))}},d.addEventListener("message",d.wp.receiveEmbedMessage,!1),l.addEventListener("DOMContentLoaded",function(){for(var e,t,s=l.querySelectorAll("iframe.wp-embedded-content"),r=0;r<s.length;r++)(t=(e=s[r]).getAttribute("data-secret"))||(t=Math.random().toString(36).substring(2,12),e.src+="#?secret="+t,e.setAttribute("data-secret",t)),e.contentWindow.postMessage({message:"ready",secret:t},"*")},!1)))}(window,document);
/* ]]> */
</script>

Retour de vacances un jour plus tard que prévu&#8230; Et ce n&rsquo;est pas que la température ait été clémente au point de me faire hésiter à revenir, au contraire&#8230; Pour des vacances ensoleillées, j&rsquo;aurais dû faire comme l&rsquo;ami Philippe Martin et m&rsquo;enfuir dans une île des Caraïbes. Soleil et chaleur assurés&#8230; Mais non, j&rsquo;ai préféré les plaines bucoliques de la Montérégie, pour le vélo et le golf. Pas de chance&#8230; Il a fallu braver Dame Nature à chaque jour&#8230; Mais assez parlé du mauvais temps ! De retour au boulot en cette fin d&rsquo;été, il est de mise de planifier les prochains mois. Planification qui m&rsquo;amène à vous parler de conférences. Sur le Web, actuellement, il n&rsquo;y en a que pour les évènements Web 2.0. Se planifier un horaire de conférences devient un véritable casse-tête. Pour votre bénéfice et le mien, j&rsquo;ai dressé une liste de 20 conférences intéressantes à se tenir un peu partout sur la planète d&rsquo;ici à Noël : 1- Virtual Worlds Conference &amp; Expo &#8211; Los Angeles, les 3 et 4 septembre 2- TechCrunch50 &#8211; San Francisco, les 8, 9 et 10 septembre 3- Digital ID World 2008 &#8211; Anaheim (Californie), les 8, 9 et 10 [&hellip;]
