{"version":"1.0","provider_name":"\u00c9mergenceweb","provider_url":"https:\/\/emergenceweb.com\/blog","author_name":"Claude Malaison","author_url":"https:\/\/emergenceweb.com\/blog\/author\/administrateur\/","title":"webcom-Montr\u00e9al au Citoyen num\u00e9rique : quand pass\u00e9 et futur se rencontrent... - \u00c9mergenceweb","type":"rich","width":600,"height":338,"html":"<blockquote class=\"wp-embedded-content\" data-secret=\"VnqzJpz5zx\"><a href=\"https:\/\/emergenceweb.com\/blog\/2008\/11\/674\/\">webcom-Montr\u00e9al au Citoyen num\u00e9rique : quand pass\u00e9 et futur se rencontrent&#8230;<\/a><\/blockquote><iframe sandbox=\"allow-scripts\" security=\"restricted\" src=\"https:\/\/emergenceweb.com\/blog\/2008\/11\/674\/embed\/#?secret=VnqzJpz5zx\" width=\"600\" height=\"338\" title=\"\u00ab\u00a0webcom-Montr\u00e9al au Citoyen num\u00e9rique : quand pass\u00e9 et futur se rencontrent&#8230;\u00a0\u00bb &#8212; \u00c9mergenceweb\" data-secret=\"VnqzJpz5zx\" frameborder=\"0\" marginwidth=\"0\" marginheight=\"0\" scrolling=\"no\" class=\"wp-embedded-content\"><\/iframe><script type=\"text\/javascript\">\n\/* <![CDATA[ *\/\n\/*! This file is auto-generated *\/\n!function(d,l){\"use strict\";l.querySelector&&d.addEventListener&&\"undefined\"!=typeof URL&&(d.wp=d.wp||{},d.wp.receiveEmbedMessage||(d.wp.receiveEmbedMessage=function(e){var t=e.data;if((t||t.secret||t.message||t.value)&&!\/[^a-zA-Z0-9]\/.test(t.secret)){for(var s,r,n,a=l.querySelectorAll('iframe[data-secret=\"'+t.secret+'\"]'),o=l.querySelectorAll('blockquote[data-secret=\"'+t.secret+'\"]'),c=new RegExp(\"^https?:$\",\"i\"),i=0;i<o.length;i++)o[i].style.display=\"none\";for(i=0;i<a.length;i++)s=a[i],e.source===s.contentWindow&&(s.removeAttribute(\"style\"),\"height\"===t.message?(1e3<(r=parseInt(t.value,10))?r=1e3:~~r<200&&(r=200),s.height=r):\"link\"===t.message&&(r=new URL(s.getAttribute(\"src\")),n=new URL(t.value),c.test(n.protocol))&&n.host===r.host&&l.activeElement===s&&(d.top.location.href=t.value))}},d.addEventListener(\"message\",d.wp.receiveEmbedMessage,!1),l.addEventListener(\"DOMContentLoaded\",function(){for(var e,t,s=l.querySelectorAll(\"iframe.wp-embedded-content\"),r=0;r<s.length;r++)(t=(e=s[r]).getAttribute(\"data-secret\"))||(t=Math.random().toString(36).substring(2,12),e.src+=\"#?secret=\"+t,e.setAttribute(\"data-secret\",t)),e.contentWindow.postMessage({message:\"ready\",secret:t},\"*\")},!1)))}(window,document);\n\/* ]]> *\/\n<\/script>\n","description":"Je vous mentionnais, plus t\u00f4t aujourd&rsquo;hui dans un court billet, que l&rsquo;ami Michel Dumais a diffus\u00e9 son \u00e9mission hebdomadaire Le Citoyen num\u00e9rique avec comme th\u00e8me particulier le dernier webcom-Montr\u00e9al. Parmi les invit\u00e9s, Jo\u00ebl Muzard, conf\u00e9rencier et grand ma\u00eetre des sch\u00e9mas de collaboration, Slyvain Carle, qui a men\u00e9 de main de ma\u00eetre le webcamp, Nathalie Berger, une des pr\u00eatresses de l&rsquo;utilisabilit\u00e9, qui \u00e9tait \u00e0 webcom et qui a aussi parl\u00e9 de la journ\u00e9e mondiale de l&rsquo;utilisabilit\u00e9, et finalement moi-m\u00eame. Il y a \u00e9t\u00e9 question du succ\u00e8s de l&rsquo;\u00e9v\u00e8nement avec pr\u00e8s de 450 participants mais aussi de mes conf\u00e9rences coups de coeur (question de l&rsquo;animateur). Je lui ai r\u00e9pondu sans h\u00e9sitation Laura Fitton et sa conf\u00e9rence sur le micro-blogginng et ce, pour l&rsquo;originalit\u00e9, la qualit\u00e9 et la passion. Et nous sommes rapidement pass\u00e9 \u00e0 un autre sujet&#8230; J&rsquo;aimerais ajouter deux autres coups de coeur \u00e0 ma liste soit la conf\u00e9rence d&rsquo;Isabelle Jupp\u00e9. \u00c0 chaque fois que je la vois prendre la parole, je ne peux qu&rsquo;admirer, cet ex-journaliste et femme de politicien qui est en train de faire sa marque dans le monde du num\u00e9rique en parlant des femmes et du facteur humain num\u00e9rique. \u00c0 Montr\u00e9al, elle a fait une pr\u00e9sentation toute [&hellip;]","thumbnail_url":"http:\/\/farm4.static.flickr.com\/3284\/3046436933_64a26fb8be.jpg?v=0"}

Émergenceweb

webcom-Montréal au Citoyen numérique : quand passé et futur se rencontrent... - Émergenceweb

<blockquote class="wp-embedded-content" data-secret="VnqzJpz5zx"><a href="https://emergenceweb.com/blog/2008/11/674/">webcom-Montréal au Citoyen numérique : quand passé et futur se rencontrent&#8230;</a></blockquote><iframe sandbox="allow-scripts" security="restricted" src="https://emergenceweb.com/blog/2008/11/674/embed/#?secret=VnqzJpz5zx" width="600" height="338" title="« webcom-Montréal au Citoyen numérique : quand passé et futur se rencontrent&#8230; » &#8212; Émergenceweb" data-secret="VnqzJpz5zx" frameborder="0" marginwidth="0" marginheight="0" scrolling="no" class="wp-embedded-content"></iframe><script type="text/javascript">
/* <![CDATA[ */
/*! This file is auto-generated */
!function(d,l){"use strict";l.querySelector&&d.addEventListener&&"undefined"!=typeof URL&&(d.wp=d.wp||{},d.wp.receiveEmbedMessage||(d.wp.receiveEmbedMessage=function(e){var t=e.data;if((t||t.secret||t.message||t.value)&&!/[^a-zA-Z0-9]/.test(t.secret)){for(var s,r,n,a=l.querySelectorAll('iframe[data-secret="'+t.secret+'"]'),o=l.querySelectorAll('blockquote[data-secret="'+t.secret+'"]'),c=new RegExp("^https?:$","i"),i=0;i<o.length;i++)o[i].style.display="none";for(i=0;i<a.length;i++)s=a[i],e.source===s.contentWindow&&(s.removeAttribute("style"),"height"===t.message?(1e3<(r=parseInt(t.value,10))?r=1e3:~~r<200&&(r=200),s.height=r):"link"===t.message&&(r=new URL(s.getAttribute("src")),n=new URL(t.value),c.test(n.protocol))&&n.host===r.host&&l.activeElement===s&&(d.top.location.href=t.value))}},d.addEventListener("message",d.wp.receiveEmbedMessage,!1),l.addEventListener("DOMContentLoaded",function(){for(var e,t,s=l.querySelectorAll("iframe.wp-embedded-content"),r=0;r<s.length;r++)(t=(e=s[r]).getAttribute("data-secret"))||(t=Math.random().toString(36).substring(2,12),e.src+="#?secret="+t,e.setAttribute("data-secret",t)),e.contentWindow.postMessage({message:"ready",secret:t},"*")},!1)))}(window,document);
/* ]]> */
</script>

Je vous mentionnais, plus tôt aujourd&rsquo;hui dans un court billet, que l&rsquo;ami Michel Dumais a diffusé son émission hebdomadaire Le Citoyen numérique avec comme thème particulier le dernier webcom-Montréal. Parmi les invités, Joël Muzard, conférencier et grand maître des schémas de collaboration, Slyvain Carle, qui a mené de main de maître le webcamp, Nathalie Berger, une des prêtresses de l&rsquo;utilisabilité, qui était à webcom et qui a aussi parlé de la journée mondiale de l&rsquo;utilisabilité, et finalement moi-même. Il y a été question du succès de l&rsquo;évènement avec près de 450 participants mais aussi de mes conférences coups de coeur (question de l&rsquo;animateur). Je lui ai répondu sans hésitation Laura Fitton et sa conférence sur le micro-blogginng et ce, pour l&rsquo;originalité, la qualité et la passion. Et nous sommes rapidement passé à un autre sujet&#8230; J&rsquo;aimerais ajouter deux autres coups de coeur à ma liste soit la conférence d&rsquo;Isabelle Juppé. À chaque fois que je la vois prendre la parole, je ne peux qu&rsquo;admirer, cet ex-journaliste et femme de politicien qui est en train de faire sa marque dans le monde du numérique en parlant des femmes et du facteur humain numérique. À Montréal, elle a fait une présentation toute [&hellip;]
