{"id":595,"date":"2008-10-31T12:46:01","date_gmt":"2008-10-31T17:46:01","guid":{"rendered":"http:\/\/emergenceweb.com\/blog\/?page_id=595"},"modified":"2018-01-07T15:52:17","modified_gmt":"2018-01-07T20:52:17","slug":"profil","status":"publish","type":"page","link":"https:\/\/emergenceweb.com\/blog\/profil\/","title":{"rendered":"Me connaitre"},"content":{"rendered":"<p>&nbsp;<\/p>\n<p><img loading=\"lazy\" decoding=\"async\" class=\"alignnone wp-image-8877 size-full\" src=\"http:\/\/emergenceweb.com\/blog\/wp-content\/uploads\/2008\/10\/moi.jpg\" alt=\"\" width=\"460\" height=\"310\" srcset=\"https:\/\/emergenceweb.com\/blog\/wp-content\/uploads\/2008\/10\/moi.jpg 460w, https:\/\/emergenceweb.com\/blog\/wp-content\/uploads\/2008\/10\/moi-300x202.jpg 300w\" sizes=\"(max-width: 460px) 100vw, 460px\" \/><\/p>\n<p>Bonjour \u00e0 tous et toutes !<\/p>\n<p>J&rsquo;ai \u00e9t\u00e9 le fondateur et ex-pr\u00e9sident de l\u2019Association des professionnels en intranet (API). C\u2019est \u00e0 ce titre que j&rsquo;ai aussi cr\u00e9\u00e9 et travaill\u00e9 de 1999 \u00e0 2005 \u00e0 l\u2019essor d\u2019Intracom, premi\u00e8re conf\u00e9rence internationale sur les intranets au monde. C\u2019est aussi \u00e0 ce titre que j&rsquo;ai \u00e9tabli en 2002 les bases d\u2019une coop\u00e9ration intranet Qu\u00e9bec-France avec entre autres comme r\u00e9sultante, deux ouvrages collectifs soit: <b>L&rsquo;intranet dans tous ses \u00e9tats<\/b> et <b>L&rsquo;int\u00e9gration des 3Nets <\/b>et une collaboration \u00e0 une vaste \u00e9tude annuelle sur les intranets soit<b> l\u2019Observatoire Intranet. <\/b>Le troisi\u00e8me ouvrage collectif <b>Pourquoi bloguer dans un contexte d\u2019affaires<\/b>, regroupant dix blogueurs qu\u00e9b\u00e9cois \u00e9m\u00e9rites, viendra plus tard en 2007. (Voir Publications, conf\u00e9rences et clients)<\/p>\n<p>Jusqu&rsquo;en 2014, j&rsquo;ai \u00e9t\u00e9 Pr\u00e9sident d&rsquo;\u00c9mergenceWeb, firme sp\u00e9cialis\u00e9e en communication interactive et gestion de la connaissance, qui conseillait de nombreux clients corporatifs au Qu\u00e9bec et en France sur l\u2019int\u00e9gration des technologies du Web 2.0 en entreprise, ce que l\u2019on nomme l\u2019Entreprise 2.0 ou entreprise sociale. J&rsquo;ai travaill\u00e9 avec de nombreuses grandes entreprises et organisations telles que la SAQ, le Groupe Canam, Bombardier, Vid\u00e9otron, Cascades, la RRQ, la SAAQ, la CSST, l\u2019ACQ, la FCCQ, etc.<\/p>\n<p>Depuis 2014, je suis consultant en communication interactive et strat\u00e9gies d&rsquo;affaires num\u00e9riques (BtoC, BtoB, BtoE), aussi bien pour les entreprises que les grandes organisations publiques ou parapubliques, je les conseille sur l&rsquo;impact du num\u00e9rique sur la soci\u00e9t\u00e9 et ses r\u00e9percussions sur les entreprises et les organisations et sur les meilleures strat\u00e9gies \u00e0 adopter pour s&rsquo;y adapter (eTransformation).<\/p>\n<p>Je les conseille \u00e9galement sur les moyens \u00e0 prendre pour favoriser la litt\u00e9ratie num\u00e9rique, ce qui implique gestion du changement et formation. Je fais \u00e9galement de la pratique en g\u00e9rant blogues, m\u00e9dias et r\u00e9seaux sociaux de plusieurs entreprises et organismes. J&rsquo;en blogue \u00e0\u00a0<a href=\"http:\/\/emergenceweb.com\/blog\/\">www.emergenceweb\/blog.<\/a>\u00a0 \u00e0\u00a0<a href=\"http:\/\/www.huffingtonpost.com\/claude-malaison\/\">http:\/\/www.huffingtonpost.com\/claude-malaison\/<\/a>\u00a0et\u00a0<a href=\"http:\/\/exob2b.com\/blogue-marketing-b2b\/\">http:\/\/exob2b.com\/blogue-marketing-b2b\/<\/a><\/p>\n<p><strong>LES CONF\u00c9RENCES<\/strong><\/p>\n<p>Aussi, de 1999 \u00e0 2005, j&rsquo;ai fond\u00e9 et co-organis\u00e9 la conf\u00e9rence Intracom, premi\u00e8re conf\u00e9rence internationale sur les intranets aussi bien \u00e0 Montr\u00e9al qu&rsquo;\u00e0 Paris.<\/p>\n<p><img loading=\"lazy\" decoding=\"async\" class=\"alignnone wp-image-8874 size-full\" src=\"http:\/\/emergenceweb.com\/blog\/wp-content\/uploads\/2008\/10\/intracom.jpg\" alt=\"\" width=\"403\" height=\"364\" srcset=\"https:\/\/emergenceweb.com\/blog\/wp-content\/uploads\/2008\/10\/intracom.jpg 403w, https:\/\/emergenceweb.com\/blog\/wp-content\/uploads\/2008\/10\/intracom-300x271.jpg 300w\" sizes=\"(max-width: 403px) 100vw, 403px\" \/><\/p>\n<p>Puis, de 2006 \u00e0\u00a02012 j&rsquo;ai \u00e9t\u00e9 directeur de la programmation de la <a href=\"http:\/\/www.lapresse.ca\/arts\/medias\/201005\/25\/01-4283427-webcom-montreal-le-rendez-vous-de-la-communaute-20.php\">conf\u00e9rence internationale webcom-Montr\u00e9al, <\/a>ainsi que des conf\u00e9rences webcom-Qu\u00e9bec et de la Boule de Cristal.<\/p>\n<p><img loading=\"lazy\" decoding=\"async\" class=\"alignnone wp-image-8875 size-full\" src=\"http:\/\/emergenceweb.com\/blog\/wp-content\/uploads\/2008\/10\/webcom.jpg\" alt=\"\" width=\"459\" height=\"269\" srcset=\"https:\/\/emergenceweb.com\/blog\/wp-content\/uploads\/2008\/10\/webcom.jpg 459w, https:\/\/emergenceweb.com\/blog\/wp-content\/uploads\/2008\/10\/webcom-300x176.jpg 300w\" sizes=\"(max-width: 459px) 100vw, 459px\" \/><\/p>\n<p>Lors du webcom-Montr\u00e9al de novembre 2011, on m&rsquo;a remis le Prix Cartier.\u00a0Ce dernier vient reconna\u00eetre l\u2019apport exceptionnel de ses r\u00e9cipiendaires \u00e0 l\u2019avancement des nouvelles technologies de l\u2019information et des communications (NTIC) ainsi que dans la promotion de la cause d\u2019un Qu\u00e9bec num\u00e9rique fort.<\/p>\n<p>Ces prix viennent aussi reconna\u00eetre l\u2019influence et le leadership exceptionnels que ces personnes ont exerc\u00e9 au sein m\u00eame de leur communaut\u00e9. C\u2019est donc dans cette continuit\u00e9 que j&rsquo;ai \u00e9t\u00e9\u00a0un des initiateurs du groupe des <a href=\"http:\/\/plannumeriquequebec.org\/qui-sont-les-etonnes\/\">13 \u00a0\u00c9tonn\u00e9s<\/a>, militant pour une strat\u00e9gie num\u00e9rique pour le Qu\u00e9bec.<\/p>\n<p><img loading=\"lazy\" decoding=\"async\" class=\"alignnone wp-image-8872 size-full\" src=\"http:\/\/emergenceweb.com\/blog\/wp-content\/uploads\/2008\/10\/\u00e9tonn\u00e9s.jpg\" alt=\"\" width=\"411\" height=\"194\" srcset=\"https:\/\/emergenceweb.com\/blog\/wp-content\/uploads\/2008\/10\/\u00e9tonn\u00e9s.jpg 411w, https:\/\/emergenceweb.com\/blog\/wp-content\/uploads\/2008\/10\/\u00e9tonn\u00e9s-300x142.jpg 300w\" sizes=\"(max-width: 411px) 100vw, 411px\" \/><\/p>\n<p><a href=\"https:\/\/plannumeriquequebec.org\/2012\/11\/22\/le-numerique\/\">https:\/\/plannumeriquequebec.org\/2012\/11\/22\/le-numerique\/<\/a><\/p>\n<p>En 2013,\u00a0 j\u2019ai aussi \u00e9t\u00e9 appel\u00e9 par les autorit\u00e9s de Bordeaux en France\u00a0\u00e0 participer \u00e0 l&rsquo;organisation de la troisi\u00e8me \u00e9dition de la<a href=\"https:\/\/semainedigitale.bordeaux-metropole.fr\/\"> Semaine Digitale<\/a> incluant deux d\u00e9l\u00e9gations qu\u00e9b\u00e9coises.<\/p>\n<p><img loading=\"lazy\" decoding=\"async\" class=\"alignnone wp-image-8873 size-full\" src=\"http:\/\/emergenceweb.com\/blog\/wp-content\/uploads\/2008\/10\/digitale.jpg\" alt=\"\" width=\"510\" height=\"312\" srcset=\"https:\/\/emergenceweb.com\/blog\/wp-content\/uploads\/2008\/10\/digitale.jpg 510w, https:\/\/emergenceweb.com\/blog\/wp-content\/uploads\/2008\/10\/digitale-300x184.jpg 300w\" sizes=\"(max-width: 510px) 100vw, 510px\" \/><\/p>\n<p>Je suis aussi charg\u00e9 de cours en Communication interactive en entreprise \u00e0 l\u2019Universit\u00e9 de Montr\u00e9al. Je donne de nombreuses conf\u00e9rences publiques au Qu\u00e9bec, en France et aux USA, des conf\u00e9rences en entreprise et en milieu universitaire. En voici trois exemples:<\/p>\n<p><a href=\"https:\/\/www.youtube.com\/watch?v=djmqIW7RcOI&amp;feature=youtu.be\">Conf\u00e9rence aux Grands Communicateurs en mars 2010<\/a> :<\/p>\n<p><img loading=\"lazy\" decoding=\"async\" class=\"alignnone size-medium wp-image-8640\" src=\"http:\/\/emergenceweb.com\/blog\/wp-content\/uploads\/2008\/10\/TOILE-300x295.jpg\" alt=\"TOILE\" width=\"300\" height=\"295\" srcset=\"https:\/\/emergenceweb.com\/blog\/wp-content\/uploads\/2008\/10\/TOILE-300x295.jpg 300w, https:\/\/emergenceweb.com\/blog\/wp-content\/uploads\/2008\/10\/TOILE.jpg 648w\" sizes=\"(max-width: 300px) 100vw, 300px\" \/><\/p>\n<p>Entrevue \u00e0 TechTocTV \u00e0 Paris en 2009 :<\/p>\n<p><a title=\"techtoc de emergent007, sur Flickr\" href=\"http:\/\/techtoc.tv\/event\/109\/usages--contenus-et--cyber-culture-du-web-social\/cross-cultural-management\/entreprise-et-marketing-2-0-etat-des-lieux-entre-le-quebec-et-la-france--partie-1\"><img loading=\"lazy\" decoding=\"async\" src=\"http:\/\/farm8.staticflickr.com\/7458\/13197480354_042edf947d.jpg\" alt=\"techtoc\" width=\"406\" height=\"297\" \/><\/a><\/p>\n<p>Entrevue \u00e0 Bordeaux en tourn\u00e9e de conf\u00e9rences en 2008 :<\/p>\n<p><iframe loading=\"lazy\" src=\"\/\/www.dailymotion.com\/embed\/video\/x5qmdj\" width=\"480\" height=\"270\" frameborder=\"0\" allowfullscreen=\"allowfullscreen\"><\/iframe><br \/>\n<a href=\"http:\/\/www.dailymotion.com\/video\/x5qmdj_business-et-web-2-0-bloguer-dans-un_tech\" target=\"_blank\" rel=\"noopener noreferrer\">Business et web 2.0 : bloguer dans un contexte&#8230;<\/a> <i>par <a href=\"http:\/\/www.dailymotion.com\/aec\" target=\"_blank\" rel=\"noopener noreferrer\">aec<\/a><\/i><\/p>\n<p>&nbsp;<\/p>\n","protected":false},"excerpt":{"rendered":"<p>&nbsp; Bonjour \u00e0 tous et toutes ! J&rsquo;ai \u00e9t\u00e9 le fondateur et ex-pr\u00e9sident de l\u2019Association des professionnels en intranet (API). C\u2019est \u00e0 ce titre que j&rsquo;ai aussi cr\u00e9\u00e9 et travaill\u00e9 de 1999 \u00e0 2005 \u00e0 l\u2019essor d\u2019Intracom, premi\u00e8re conf\u00e9rence internationale sur les intranets au monde. C\u2019est aussi \u00e0 ce titre que j&rsquo;ai \u00e9tabli en 2002 les bases d\u2019une coop\u00e9ration intranet Qu\u00e9bec-France avec entre autres comme r\u00e9sultante, deux ouvrages collectifs soit: L&rsquo;intranet dans tous ses \u00e9tats et L&rsquo;int\u00e9gration des 3Nets et une collaboration \u00e0 une vaste \u00e9tude annuelle sur les intranets soit l\u2019Observatoire Intranet. Le troisi\u00e8me ouvrage collectif Pourquoi bloguer dans un contexte d\u2019affaires, regroupant dix blogueurs qu\u00e9b\u00e9cois \u00e9m\u00e9rites, viendra plus tard en 2007. (Voir Publications, conf\u00e9rences et clients) Jusqu&rsquo;en 2014, j&rsquo;ai \u00e9t\u00e9 Pr\u00e9sident d&rsquo;\u00c9mergenceWeb, firme sp\u00e9cialis\u00e9e en communication interactive et gestion de la connaissance, qui conseillait de nombreux clients corporatifs au Qu\u00e9bec et en France sur l\u2019int\u00e9gration des technologies du Web 2.0 en entreprise, ce que l\u2019on nomme l\u2019Entreprise 2.0 ou entreprise sociale. J&rsquo;ai travaill\u00e9 avec de nombreuses grandes entreprises et organisations telles que la SAQ, le Groupe Canam, Bombardier, Vid\u00e9otron, Cascades, la RRQ, la SAAQ, la CSST, l\u2019ACQ, la FCCQ, etc. Depuis 2014, je suis consultant en communication interactive [&hellip;]<\/p>\n","protected":false},"author":1,"featured_media":0,"parent":0,"menu_order":0,"comment_status":"closed","ping_status":"closed","template":"","meta":{"_monsterinsights_skip_tracking":false,"_monsterinsights_sitenote_active":false,"_monsterinsights_sitenote_note":"","_monsterinsights_sitenote_category":0,"footnotes":""},"class_list":["post-595","page","type-page","status-publish","hentry"],"_links":{"self":[{"href":"https:\/\/emergenceweb.com\/blog\/wp-json\/wp\/v2\/pages\/595"}],"collection":[{"href":"https:\/\/emergenceweb.com\/blog\/wp-json\/wp\/v2\/pages"}],"about":[{"href":"https:\/\/emergenceweb.com\/blog\/wp-json\/wp\/v2\/types\/page"}],"author":[{"embeddable":true,"href":"https:\/\/emergenceweb.com\/blog\/wp-json\/wp\/v2\/users\/1"}],"replies":[{"embeddable":true,"href":"https:\/\/emergenceweb.com\/blog\/wp-json\/wp\/v2\/comments?post=595"}],"version-history":[{"count":10,"href":"https:\/\/emergenceweb.com\/blog\/wp-json\/wp\/v2\/pages\/595\/revisions"}],"predecessor-version":[{"id":8879,"href":"https:\/\/emergenceweb.com\/blog\/wp-json\/wp\/v2\/pages\/595\/revisions\/8879"}],"wp:attachment":[{"href":"https:\/\/emergenceweb.com\/blog\/wp-json\/wp\/v2\/media?parent=595"}],"curies":[{"name":"wp","href":"https:\/\/api.w.org\/{rel}","templated":true}]}}